{"id":105,"date":"2020-09-19T18:54:40","date_gmt":"2020-09-19T16:54:40","guid":{"rendered":"https:\/\/www.ipicape.de\/new_website\/?page_id=105"},"modified":"2020-10-19T23:31:41","modified_gmt":"2020-10-19T21:31:41","slug":"enlaces-interesantes","status":"publish","type":"page","link":"https:\/\/www.ipicape.de\/new_website\/es\/enlaces-interesantes\/","title":{"rendered":"IPICAPE &#8211; Enlaces interesantes"},"content":{"rendered":"\n<p>Esta lista con enlaces relacionados con la cultura y la pol\u00edtica espa\u00f1ola y latinoamericana se amplia continuamente. <\/p>\n\n\n\n<ul class=\"wp-block-list\"><li><a href=\"https:\/\/www.ipicape.de\/espanol\/links_e.html#HH\">Hamburgo<\/a><\/li><li><a href=\"https:\/\/www.ipicape.de\/espanol\/links_e.html#news\">Peri\u00f3dicos y otras not\u00edcias<\/a><\/li><li><a href=\"https:\/\/www.ipicape.de\/espanol\/links_e.html#orgs\">Organizaciones\/Instituciones<\/a><\/li><li><a href=\"https:\/\/www.ipicape.de\/espanol\/links_e.html#lit\">Literatura<\/a><\/li><li><a href=\"https:\/\/www.ipicape.de\/espanol\/links_e.html#art\">Arte\/Arquitectura<\/a><\/li><li><a href=\"https:\/\/www.ipicape.de\/espanol\/links_e.html#music\">M\u00fasica<\/a><\/li><li><a href=\"https:\/\/www.ipicape.de\/espanol\/links_e.html#sci\">Ciencias<\/a><\/li><li><a href=\"https:\/\/www.ipicape.de\/espanol\/links_e.html#cams\">Webcams<\/a><\/li><li><a href=\"https:\/\/www.ipicape.de\/espanol\/links_e.html#misc\">Diversos<\/a><\/li><\/ul>\n\n\n\n<hr class=\"wp-block-separator\"\/>\n\n\n\n<h3 class=\"wp-block-heading\"><a>Hamburgo<\/a><\/h3>\n\n\n\n<ul class=\"wp-block-list\"><li><a href=\"http:\/\/www.ajsu.de\/elbutacon\/\">Tertulia literaria &#8222;El Butac\u00f3n&#8220;<\/a><\/li><li><a href=\"http:\/\/www.cima-hh.de\/es\/1.html\">C\u00edrculo Mexicano Alem\u00e1n<\/a> de Hamburgo<\/li><li><a href=\"http:\/\/hamburgo.cervantes.es\/es\/default.shtm\">Instituto Cervantes en Hamburgo<\/a><\/li><li><a href=\"http:\/\/www.3001-kino.de\/start.html\">Kino 3001<\/a><\/li><li><a href=\"http:\/\/www.metropoliskino.de\/\">Metropolis Kino Kinemathek Hamburg<\/a><\/li><li><a href=\"http:\/\/www.ojal.de\">Ojal\u00e1<\/a> &#8211; Revista en la Di\u00e1spora en Hamburgo<\/li><li><a href=\"http:\/\/www.ronda-iberoamericana.de\/\">Ronda Iberoamericana e.V.<\/a><\/li><li><a href=\"http:\/\/www.solatino.org\/\">SoLatino<\/a> &#8211; Sociedad Latinoamericana de Hamburgo<\/li><li><a href=\"http:\/\/www.spanisch-hh.de\/\">Spanisch-Stammtisch Hamburg<\/a><\/li><\/ul>\n\n\n\n<h3 class=\"wp-block-heading\"><a>Peri\u00f3dicos y otras not\u00edcias<\/a><\/h3>\n\n\n\n<ul class=\"wp-block-list\"><li><a href=\"http:\/\/www.canalseisdejulio.com\/\">Canal 6 de Julio<\/a><\/li><li><a href=\"http:\/\/www.clarin.com\/\">Clar\u00edn (Argentina)<\/a><\/li><li><a href=\"http:\/\/www.excelsior.com.mx\">El Excelsior (M\u00e9xico)<\/a><\/li><li><a href=\"http:\/\/www.elmostrador.cl\/\">El Mostrador (Chile)<\/a><\/li><li><a href=\"http:\/\/www.elmundo.es\/index.html\">El Mundo (Espa\u00f1a)<\/a><\/li><li><a href=\"http:\/\/www.elnuevodiario.com.ni\">El Nuevo Diario (Nicaragua)<\/a><\/li><li><a href=\"http:\/\/www.elpais.es\/\">El Pa\u00eds (Espa\u00f1a)<\/a><\/li><li><a href=\"http:\/\/www.proceso.com.mx\">El Proceso (M\u00e9xico)<\/a><\/li><li><a href=\"http:\/\/granma.co.cu\/\">Granma (Cuba)<\/a><\/li><li><a href=\"http:\/\/www.jornada.unam.mx\/\">La Jornada (M\u00e9xico)<\/a><\/li><li><a href=\"http:\/\/www.laprensa.com.ni\">La Prensa (Nicaragua)<\/a><\/li><li><a href=\"http:\/\/www.semana.com.co\">La Semana (Colombia)<\/a><\/li><li><a href=\"http:\/\/www.zonalatina.com\/Zlpapers.htm\">Zona Latina &#8211; Peri\u00f3dicos<\/a><\/li><\/ul>\n\n\n\n<h3 class=\"wp-block-heading\"><a>Organizaciones\/Instituciones<\/a><\/h3>\n\n\n\n<ul class=\"wp-block-list\"><li><a href=\"http:\/\/www.rrz.uni-hamburg.de\/IIK\/adlaf\/\">Asociaci\u00f3n de Investigaci\u00f3n sobre Am\u00e9rica Latina en Alemania (ADLAF)<\/a><\/li><li><a href=\"http:\/\/www.attac.org\/es\">ATTAC<\/a> (Association for the Taxation of financial Transactions for the Aid of Citizens)<\/li><li><a href=\"http:\/\/w3.mecanica.upm.es\/CervanTeX\/\">CervanTeX<\/a> &#8211; la asociaci\u00f3n espa\u00f1ola de usadores de TeX<\/li><li><a href=\"http:\/\/www.computer-aid.org\/spanish\/home.htm\">Computer Aid Internation<\/a>, una organizaci\u00f3n que envia ordenadores viejos pero usables a pa\u00edses subdesarrollados<\/li><li><a href=\"http:\/\/conaie.nativeweb.org\/\">Confederaci\u00f3n Nacional de Nacionalidades Ind\u00edgenas de Ecuador (CONAIE)<\/a><\/li><li><a href=\"http:\/\/www.ezln.org.mx\/\">Ej\u00e9rcito Nacional de Liberaci\u00f3n Zapatista<\/a><\/li><li><a href=\"http:\/\/www.forumsocialmundial.org.br\/index.php?cd_language=4&amp;id_menu=\">Forum Social Mundial<\/a><\/li><li><a href=\"http:\/\/www.linux.org.sv\/\">Grupo de Usuarios Linux de El Salvador<\/a><\/li><li><a href=\"http:\/\/www.cervantes.es\/\">Instituto Cervantes<\/a><\/li><li><a href=\"http:\/\/www.vamosadelante.org\/\">Vamos Adelante<\/a>, un proyecto de educaci\u00f3n escolar y desenrollo de servicios de salud en Guatemala<\/li><\/ul>\n\n\n\n<h3 class=\"wp-block-heading\"><a>Literatura<\/a><\/h3>\n\n\n\n<ul class=\"wp-block-list\"><li><a href=\"http:\/\/www.bne.es\/\">Biblioteca Nacional de Espa\u00f1a<\/a><\/li><li><a href=\"http:\/\/www.spanisharts.com\/e_index.html\">Spanish-Books<\/a><\/li><li><a href=\"http:\/\/cervantesvirtual.com\/\">Biblioteca Virtual Miguel de Cervantes<\/a><\/li><li><a href=\"http:\/\/www.vallenajerilla.com\/berceo\/index.htm\">Gonzalo de Berceo<\/a>, el primer poeta espa\u00f1ol<\/li><li><a href=\"http:\/\/www.agenda-latina.de\/\">Agenda Latina<\/a><\/li><li><a href=\"http:\/\/www.casaescritura.com\/\">CasaEscritura<\/a><\/li><li><a href=\"http:\/\/www.letralia.com\/\">Letralia, Tierra de Letras<\/a>, revista y editorial de los escritores hispanoamericanos en Internet<\/li><li><a href=\"http:\/\/cervantes.tamu.edu\/V2\/index.html\">Proyecto Cervantes<\/a><\/li><li><a href=\"http:\/\/www.acmym.de\/hp\/tertulia\/index.php\">sst &#8211; Spanischer Stammtisch\/Tertulia espa\u00f1ola<\/a> en D\u00fcsseldorf<\/li><li><a href=\"http:\/\/www.lib.virginia.edu\/wess\/etexts.html#spanish\">Enlaces de literatura en el WessWeb<\/a>, Univ. Virginia<\/li><li><a href=\"http:\/\/www.wikilengua.org\/index.php\/Portada\">Wikilengua<\/a><\/li><li>Premios Nobel hispanoparlantes<ul><li><a href=\"http:\/\/nobelprize.org\/nobel_prizes\/literature\/laureates\/1977\/\">Vicente Aleixandre (1977)<\/a><\/li><li><a href=\"http:\/\/nobelprize.org\/nobel_prizes\/literature\/laureates\/1967\/\">Miguel \u00c1ngel Asturias (1967)<\/a><\/li><li><a href=\"http:\/\/nobelprize.org\/nobel_prizes\/literature\/laureates\/1989\/\">Camilo Jose Cela (1989)<\/a><\/li><li><a href=\"http:\/\/nobelprize.org\/nobel_prizes\/literature\/laureates\/1904\/\">Jose Echegaray y Eizaguirre (1904)<\/a><\/li><li><a href=\"http:\/\/nobelprize.org\/nobel_prizes\/literature\/laureates\/1982\/\">Gabriel Garc\u00eda M\u00e1rquez (1982)<\/a><\/li><li><a href=\"http:\/\/nobelprize.org\/nobel_prizes\/literature\/laureates\/1956\/\">Juan Ram\u00f3n Jimenez (1956)<\/a><\/li><li><a href=\"http:\/\/nobelprize.org\/nobel_prizes\/literature\/laureates\/1945\/\">Gabriela Mistral (1945)<\/a><\/li><li><a href=\"http:\/\/nobelprize.org\/nobel_prizes\/literature\/laureates\/1971\/\">Pablo Neruda (1971)<\/a><\/li><li><a href=\"http:\/\/nobelprize.org\/nobel_prizes\/literature\/laureates\/1990\/\">Octavio Paz (1990)<\/a><\/li><li><a href=\"http:\/\/nobelprize.org\/nobel_prizes\/literature\/laureates\/2010\/\">Mario Vargas Llosa (2010)<\/a><\/li><\/ul><\/li><li><a href=\"http:\/\/www.predicado.com\">predicado<\/a> &#8211; proyecto hispano-literario en el web<\/li><li><a href=\"http:\/\/www.unostiposduros.com\/\">Unos tipos duros<\/a> &#8211; teor\u00eda y pr\u00e1ctica de la tipograf\u00eda<\/li><\/ul>\n\n\n\n<h3 class=\"wp-block-heading\"><a>Arte\/arquitectura<\/a><\/h3>\n\n\n\n<ul class=\"wp-block-list\"><li>Mark Harden&#8217;s <a href=\"http:\/\/www.artchive.com\/artchive\/spanish.html\">Artchive &#8211; Arte espa\u00f1ol<\/a><\/li><li><a href=\"http:\/\/www.spanisharts.com\/\">SpanishArts<\/a><\/li><li><a href=\"http:\/\/www.tu-dresden.de\/CJV\/\">Asosiaci\u00f3n Carl Justi para la promoci\u00f3n de la cooperaci\u00f3n en las ciencias del arte con Espa\u00f1a y Portugal<\/a>, Universidad Politecnica de Dresde<\/li><li><a href=\"http:\/\/www.salvadordali.de\/index2.htm\">Salvador Dal\u00ed<\/a><\/li><li><a href=\"http:\/\/picasso.shsu.edu\/\">Online Picasso Project<\/a><\/li><li><a href=\"http:\/\/www.montecatini.cl\/\">Galer\u00eda de Arte Virtual Montecatini<\/a><\/li><\/ul>\n\n\n\n<h3 class=\"wp-block-heading\"><a>M\u00fasica<\/a><\/h3>\n\n\n\n<ul class=\"wp-block-list\"><li><a href=\"http:\/\/www.abctango.com.ar\/\">abcTango<\/a><\/li><li><a href=\"http:\/\/www.cello.org\/casals\/casals.htm\">Pablo Casals<\/a><\/li><li><a href=\"http:\/\/www.joaquin-rodrigo.com\">Joaqu\u00edn Rodrigo<\/a><\/li><li><a href=\"http:\/\/www.sureste-tango.com\/\">Sureste Tango Trio<\/a><\/li><li><a href=\"http:\/\/www.duoliebertango.de\/\">Duo LieberTango<\/a><\/li><\/ul>\n\n\n\n<h3 class=\"wp-block-heading\"><a>Ciencias<\/a><\/h3>\n\n\n\n<ul class=\"wp-block-list\"><li><a href=\"http:\/\/www.aacte.eu\/\">AACTE &#8211; Asociaci\u00f3n para el Avance de la Ciencia y la Tecnolog\u00eda en Espa\u00f1a<\/a><\/li><li><a href=\"http:\/\/www.csic.es\/\">CSIC &#8211; Consejo Superior de Investigaciones Cient\u00edficas<\/a><\/li><li><a href=\"http:\/\/ciencia.msfc.nasa.gov\/\">Ciencia@NASA<\/a><\/li><li><a href=\"http:\/\/www.servir.net\/\">SIAM-SERVIR<\/a>, portal con mapas y datos medioambientales para Centroam\u00e9rica<\/li><li><a href=\"http:\/\/particleadventure.org\/particleadventure\/spanish\/index.html\">La Aventura de las Part\u00edculas<\/a>, del Lawrence Berkeley Lab<\/li><li><a href=\"http:\/\/www.gedlc.ulpgc.es\/\">Ling\u00fc\u00edstica computacional<\/a>, Universidad de Las Palmas<\/li><li><a href=\"http:\/\/www.pewhispanic.org\/\">Pew Hispanic Center<\/a>, University of Southern California<\/li><li>Universidades<ul><li><a href=\"http:\/\/lanic.utexas.edu\/la\/region\/highered\/\">Higher Education in Latin America<\/a><\/li><li><a href=\"http:\/\/www.ucm.es\/\">Universidad Complutense Madrid<\/a><\/li><li><a href=\"http:\/\/www.unam.mx\/\">UNAM &#8211; Universidad Aut\u00f3noma de Mexico<\/a><\/li><li><a href=\"http:\/\/www.unanleon.edu.ni\/\">UNAN &#8211; Universidad Aut\u00f3noma de Nicaragua, Le\u00f3n<\/a><\/li><\/ul><\/li><\/ul>\n\n\n\n<h3 class=\"wp-block-heading\"><a>Webcams<\/a><\/h3>\n\n\n\n<ul class=\"wp-block-list\"><li><a href=\"http:\/\/caribenet.com\/webcam\/\">Cartagena, CaribeNet internet caf\u00e9 (Kolumbien)<\/a><\/li><li><a href=\"http:\/\/www.hafen-hamburg.de\/content\/webcam-ctt-0\">Hamburgo, puerto (Alemania)<\/a><\/li><li><a href=\"http:\/\/www.pancanal.com\/eng\/photo\/camera-java.html\">Miraflores, Canal de Panam\u00e1 (Panam\u00e1)<\/a><\/li><li><a href=\"http:\/\/www.cenapred.unam.mx\/mvolcan.html\">Popocatepetl (M\u00e9xico)<\/a>, Imagenes de <a href=\"http:\/\/www.cenapred.unam.mx\/\">CENAPRED<\/a><\/li><li><a href=\"http:\/\/www.earthcam.com\/southamerica\/ecuador\/quito\/nojava.html\">Quito (Ecuador)<\/a><\/li><li><a href=\"http:\/\/www.laprensagrafica.com\/index.php\/lpg-webcams.html\">Volc\u00e1n de San Salvador<\/a>, vista desde el edificio de La Prensa Gr\u00e1fica, Santa Elena, El Salvador<\/li><\/ul>\n\n\n\n<h3 class=\"wp-block-heading\"><a>Diversos<\/a><\/h3>\n\n\n\n<ul class=\"wp-block-list\"><li><a href=\"http:\/\/www.cinespanol.de\">Cinespa\u00f1ol &#8211; Gira cinematogr\u00e1fica<\/a> de la distribuidora Cine Global Filmverleih<\/li><li><a href=\"http:\/\/www.spanisch-lehrbuch.de\/\">Curso de Espa\u00f1ol<\/a> &#8211; Aprender Espa\u00f1ol gratis (en alem\u00e1n\/espa\u00f1ol)<\/li><li><a href=\"http:\/\/www.amelatine.com\/\">AmeLatine<\/a> &#8211; l&#8217;Am\u00e9rique latine en France (la mayor parte en franc\u00e9s)<\/li><li><a href=\"http:\/\/www.cibercentro.com\/\">Cibercentro<\/a><\/li><li>Diccionarios online Espa\u00f1ol\/Alem\u00e1n<ul><li><a href=\"http:\/\/dict.leo.org\/esde?lp=esde&amp;search=\">LEO<\/a><\/li><li><a href=\"http:\/\/www.ponsline.de\/cgi-bin\/wb\/w.pl?Richtung=Spanisch\">PONSline<\/a><\/li><\/ul><\/li><li><a href=\"http:\/\/www.focusweb.org\/\">Focus on the Global South<\/a><\/li><li><a href=\"http:\/\/ciudadfutura.com\/huevera\">La Huevera<\/a><\/li><li><a href=\"http:\/\/jefferson.village.virginia.edu\/med\/medwww.html\">Mayan Epigraphic Database Project<\/a><\/li><li><a href=\"http:\/\/geocities.ws\/a1ma_mia\/amate.html\">Mexican Heritage Almanac<\/a><\/li><li><a href=\"http:\/\/www.getty.edu\/research\/tools\/guides_bibliographies\/mexico\/\">M\u00e9xico &#8211; del Imperio a la Revoluci\u00f3n<\/a>, Documentaci\u00f3n del Instituto de Investigaci\u00f3n de Getty<\/li><li><a href=\"http:\/\/www.mundolatino.org\/\">El Mundo Latino &#8211; La comunidad virtual de hispanohablantes<\/a><\/li><li><a href=\"http:\/\/www.piedrasobrepiedra.com\/\">Piedra sobre piedra<\/a> &#8211; senderismo y fotograf\u00eda de naturaleza en Espa\u00f1a<\/li><li><a href=\"http:\/\/spanishculture.tqn.com\/\">Spanish Culture<\/a><\/li><li>Enciclopedia Wikipedia en <a href=\"http:\/\/es.wikipedia.org\/\">Espa\u00f1ol<\/a> y <a href=\"http:\/\/de.wikipedia.org\/\">Alem\u00e1n<\/a><\/li><li>Premio Nobel Alternativo (Right Livelihood Award)<ul><li><a href=\"http:\/\/www.rightlivelihood.org\/recip\/max-neef.htm\">Manfred Max-Neef<\/a>, Chile 1983<\/li><li><a href=\"http:\/\/www.rightlivelihood.org\/recip\/ikanan.htm\">Evaristo Nugkuag Ikanan\/AIDESEP<\/a>, Peru 1986<\/li><li><a href=\"http:\/\/www.rightlivelihood.org\/recip\/lutzenberger.htm\">Jos\u00e9 Lutzenberger<\/a>, Brasil 1988<\/li><li><a href=\"http:\/\/www.rightlivelihood.org\/recip\/atcc.htm\">Asociaci\u00f3n de Trabajadores Campesinos del Carare (ATCC)<\/a>, Colombia 1990<\/li><li><a href=\"http:\/\/www.rightlivelihood.se\/recip\/mst.htm\">Movimento dos Trabalhadores Rurais sem Terra (MST)<\/a> y <a href=\"http:\/\/www.rightlivelihood.se\/recip\/cpt.htm\">Commiss\u00e3o Pastoral da Terra (CPT)<\/a>, Brasil 1991<\/li><li><a href=\"http:\/\/www.rightlivelihood.org\/recip\/chang.htm\">Helen Mack Chang<\/a>, Guatemala 1992<\/li><li><a href=\"http:\/\/www.rightlivelihood.org\/recip\/orrego.htm\">Juan Pablo Orrego<\/a>, Chile 1998<\/li><li><a href=\"http:\/\/www.rightlivelihood.se\/recip\/garces.htm\">Juan Garces<\/a>, Espa\u00f1a 1999<\/li><li><a href=\"http:\/\/www.rightlivelihood.se\/\">Grupo de Agricultura Org\u00e1nica (GAO)<\/a>, Cuba 1999<\/li><li><a href=\"http:\/\/www.coama.org.co\/\">Consolidaci\u00f3n de la Regi\u00f3n Amaz\u00f3nica (COAMA)<\/a>, Colombia 1999<\/li><li><a href=\"http:\/\/www.rightlivelihood.se\/recip\/boff.htm\">Leonardo Boff<\/a>, Brasil 2001<\/li><li><a href=\"http:\/\/www.rightlivelihood.se\/recip\/abreu.htm\">Jos\u00e9 Antonio Abreu<\/a>, Venezuela 2001<\/li><li><a href=\"http:\/\/www.rightlivelihood.org\/recip\/almada.htm\">Martin Almada<\/a>, Paraguay 2002<\/li><li><a href=\"http:\/\/www.rightlivelihood.org\/recip\/2004\/bianca-jagger.htm\">Bianca Jagger<\/a>, Nicaragua 2004<\/li><li><a href=\"http:\/\/www.rightlivelihood.org\/recip\/2004\/raul-montenegro.htm\">Ra\u00fal Montenegro<\/a>, Argentina 2004<\/li><li><a href=\"http:\/\/www.rightlivelihood.org\/recip\/2005\/francisco-toledo.htm\">Francisco Toledo<\/a>, Mexico 2005 (Premio de Honor)<\/li><\/ul><\/li><li><a href=\"http:\/\/www.filosofia.org\/\">Proyecto filosof\u00eda en espa\u00f1ol<\/a><\/li><li><a href=\"http:\/\/www.utilidad.com\/\">utilidad.com<\/a>, portal de consejo<\/li><\/ul>\n","protected":false},"excerpt":{"rendered":"<p>Esta lista con enlaces relacionados con la cultura y la pol\u00edtica espa\u00f1ola y latinoamericana se amplia continuamente. Hamburgo Peri\u00f3dicos y otras not\u00edcias Organizaciones\/Instituciones Literatura Arte\/Arquitectura M\u00fasica Ciencias Webcams Diversos Hamburgo Tertulia literaria &#8222;El Butac\u00f3n&#8220; C\u00edrculo &hellip;<\/p>\n","protected":false},"author":1,"featured_media":0,"parent":0,"menu_order":0,"comment_status":"closed","ping_status":"closed","template":"","meta":{"footnotes":""},"class_list":["post-105","page","type-page","status-publish","hentry"],"_links":{"self":[{"href":"https:\/\/www.ipicape.de\/new_website\/wp-json\/wp\/v2\/pages\/105","targetHints":{"allow":["GET"]}}],"collection":[{"href":"https:\/\/www.ipicape.de\/new_website\/wp-json\/wp\/v2\/pages"}],"about":[{"href":"https:\/\/www.ipicape.de\/new_website\/wp-json\/wp\/v2\/types\/page"}],"author":[{"embeddable":true,"href":"https:\/\/www.ipicape.de\/new_website\/wp-json\/wp\/v2\/users\/1"}],"replies":[{"embeddable":true,"href":"https:\/\/www.ipicape.de\/new_website\/wp-json\/wp\/v2\/comments?post=105"}],"version-history":[{"count":3,"href":"https:\/\/www.ipicape.de\/new_website\/wp-json\/wp\/v2\/pages\/105\/revisions"}],"predecessor-version":[{"id":253,"href":"https:\/\/www.ipicape.de\/new_website\/wp-json\/wp\/v2\/pages\/105\/revisions\/253"}],"wp:attachment":[{"href":"https:\/\/www.ipicape.de\/new_website\/wp-json\/wp\/v2\/media?parent=105"}],"curies":[{"name":"wp","href":"https:\/\/api.w.org\/{rel}","templated":true}]}}