{"id":65,"date":"2020-09-19T16:45:33","date_gmt":"2020-09-19T14:45:33","guid":{"rendered":"https:\/\/www.ipicape.de\/new_website\/?page_id=65"},"modified":"2022-05-13T21:17:59","modified_gmt":"2022-05-13T19:17:59","slug":"ipicape-terminkalender","status":"publish","type":"page","link":"https:\/\/www.ipicape.de\/new_website\/ipicape-terminkalender\/","title":{"rendered":"IPICAPE &#8211; Terminkalender"},"content":{"rendered":"<table width=\"100%\" border=\"1\">\n<tbody>\n<tr>\n<td valign=\"top\" align=\"left\"><span style=\"font-family: Helvetica;\"><span style=\"color: #ff0000;\">ABGESAGT!<br>\nEin neuer Termin wird sp\u00e4ter bekanntgegeben.<\/span> <\/span><\/td>\n<td align=\"left\"><span style=\"font-family: Helvetica;\"><b>Goya, Fragonard, Tiepolo. Die Freiheit der Malerei<\/b><\/span>Mit <a href=\"https:\/\/www.hamburger-kunsthalle.de\/ausstellungen\/goya-fragonard-tiepolo\">&#8222;Goya, Fragonard, Tiepolo. Die Freiheit der Malerei&#8220;<\/a> widmet die <a href=\"https:\/\/www.hamburger-kunsthalle.de\/\">Hamburger Kunsthalle<\/a> einem der folgenreichsten Kapitel der europ\u00e4ischen Kunstgeschichte eine umfassende Schau: dem 18. Jahrhundert als Bl\u00fcte- und Umbruchszeit der europ\u00e4ischen Kunst.<br>\nDie Pr\u00e4sentation versammelt rund 150 bedeutende Gem\u00e4lde und Graphiken aus \u00fcber 30 wichtigen nationalen und internationalen Museen (Prado, Rijksmuseum etc. sowie dem eigenen Bestand). Viele dieser Werke werden \u2013 wenn \u00fcberhaupt \u2013 nur \u00e4u\u00dferst selten verliehen.<br>\nErstmalig wird mit dieser ambitionierten Ausstellung das Schaffen Goyas, Fragonards sowie Giovanni Battista Tiepolos und das seines Sohnes, Giovanni Domenico Tiepolo, zusammen gezeigt und in denselben inhaltlichen Kontext als Wegbereiter der Moderne gestellt.<p><\/p>\n<p>Die F\u00fchrung ist auf 15 Teilnehmer begrenzt, deshalb bitten wir um Ihre Anmeldung mit dem Betreff &#8222;Kunsthalle&#8220; bis zum 9. Februar an <a href=\"mailto:visitaguiada@ipicape.de\">Michael Buschmann<\/a>.<\/p>\n<p>Leitung: Carmen Valiente Barra<br>\nTreffpunkt: 14:30 Uhr (p\u00fcnktlich), <a href=\"https:\/\/hamburger-kunsthalle.de\">Hamburger Kunsthalle, Glockengie\u00dferwall 5<\/a><br>\nKosten: 14,00\u20ac (Mitglieder)\/16,00\u20ac (Nicht-Mitglieder)<br>\nDauer: 90 Minuten<\/p><\/td>\n<\/tr>\n<\/tbody>\n<\/table>\n<table width=\"100%\" border=\"0\">\n<tbody>\n<tr>\n<td valign=\"top\" align=\"left\">Alle Veranstaltungen finden, wenn nicht anders angegeben, in den R\u00e4umlichkeiten des IPICAPE, Friedrich Ebert-Stra\u00dfe 14, Hamburg, statt.<\/td>\n<\/tr>\n<\/tbody>\n<\/table>\n\n\n<ul class=\"wp-block-list\"><li><a href=\"https:\/\/www.ipicape.de\/new_website\/vergangene-aktivitaeten\/\" data-type=\"URL\" data-id=\"https:\/\/www.ipicape.de\/new_website\/vergangene-aktivitaeten\/\">Vergangene Aktivit\u00e4ten<\/a><\/li><\/ul>\n\n\n\n<p><\/p>\n","protected":false},"excerpt":{"rendered":"<p>ABGESAGT! Ein neuer Termin wird sp\u00e4ter bekanntgegeben. Goya, Fragonard, Tiepolo. Die Freiheit der MalereiMit &#8222;Goya, Fragonard, Tiepolo. Die Freiheit der Malerei&#8220; widmet die Hamburger Kunsthalle einem der folgenreichsten Kapitel der europ\u00e4ischen Kunstgeschichte eine umfassende Schau: &hellip;<\/p>\n","protected":false},"author":1,"featured_media":0,"parent":0,"menu_order":0,"comment_status":"closed","ping_status":"closed","template":"","meta":{"footnotes":""},"class_list":["post-65","page","type-page","status-publish","hentry"],"_links":{"self":[{"href":"https:\/\/www.ipicape.de\/new_website\/wp-json\/wp\/v2\/pages\/65","targetHints":{"allow":["GET"]}}],"collection":[{"href":"https:\/\/www.ipicape.de\/new_website\/wp-json\/wp\/v2\/pages"}],"about":[{"href":"https:\/\/www.ipicape.de\/new_website\/wp-json\/wp\/v2\/types\/page"}],"author":[{"embeddable":true,"href":"https:\/\/www.ipicape.de\/new_website\/wp-json\/wp\/v2\/users\/1"}],"replies":[{"embeddable":true,"href":"https:\/\/www.ipicape.de\/new_website\/wp-json\/wp\/v2\/comments?post=65"}],"version-history":[{"count":8,"href":"https:\/\/www.ipicape.de\/new_website\/wp-json\/wp\/v2\/pages\/65\/revisions"}],"predecessor-version":[{"id":457,"href":"https:\/\/www.ipicape.de\/new_website\/wp-json\/wp\/v2\/pages\/65\/revisions\/457"}],"wp:attachment":[{"href":"https:\/\/www.ipicape.de\/new_website\/wp-json\/wp\/v2\/media?parent=65"}],"curies":[{"name":"wp","href":"https:\/\/api.w.org\/{rel}","templated":true}]}}